alue of 1 - 23 - (-161 + 115 + -18)?
42
Evaluate -9 + (29 - 29 - 100).
-109
What is the value of -3 + (-1 - 4) - (-109 - -112)?
-11
What is (-1 - 2) + -15 - (33 + 0)?
-51
What is -2 - (-1 - (11 + -13 + -6)) - -18 - -5?
14
Calculate (-19 - -107) + -21 + (5 - -13 - (4 - -2)).
79
Evaluate -2299 + 2386 + -18 + -1.
68
Calculate 1 - 75 - (29 - (46 - 27) - 8).
-76
Evaluate (-10 - (-12 + -9) - -10) + -58 + 0.
-37
Evaluate (1 + -2 + -4 + 31 - 13) + (0 - 115).
-102
What is -1 - -28 - (-655 - -691) - -60?
51
23 + (-36 - -62) + 15
64
What is -28 + 20 + -2 - 16?
-26
What is the value of (1 - -16 - (-81 - -71)) + 0?
27
Calculate -10 + -2 + (-43 - -3) - (-1 - 1 - 4).
-46
Calculate -8 - 20 - ((-1 - 4) + -9 + 11).
-25
Calculate -23 + 23 + -21 + (2 - 6 - -13).
-12
What is -4 - (-95 - (-16 - ((-15 - -1) + 16)))?
73
Evaluate 0 + -2 + (-2 - (6 - 7)) + 16 + -12.
1
Calculate 41 - 3 - (-12 + 15 + 12).
23
Calculate 183 + (8 - 51) - (1 + 4 - (27 - 24)).
138
Evaluate (-18 - ((-2 - -1 - 4) + 0)) + (39 - 95).
-69
Evaluate 19 - 144 - (15 + -58).
-82
Evaluate 25 + -25 + (3 - (3 - 2) - 5 - -5).
2
Evaluate -19063 - -19177 - (-4 + 3 - (0 + -2 + -10)).
103
48 + (1 - -22) + 340 + -357
54
(81 - (-30 + -36)) + -86
61
What is the value of 29 - ((-5 - (-18 - -15)) + 6)?
25
What is the value of -6 + -11 + 0 + 0 + 4 + 6 + 26?
19
Evaluate 11 - (30 + -36) - (2 + 15).
0
What is 50 + (-28 - -2) + -4?
20
What is the value of 17 + -10 + (2 + 36 + -33 - (3 - -1))?
8
What is (33 - -2 - -12) + 2 + (6 - 6)?
49
What is 47 - ((122 - 166) + 17 + 2)?
72
What is -2 + 150 - (16683 - 16563)?
28
Calculate 15 + (2 - -11 - ((45 - 16) + -13)) + 86.
98
What is (48 - ((-3 - -4) + -5)) + (-42 - (-5 - 43))?
58
-200 + 253 - (153 + -22)
-78
What is 5 - ((-64 - -67) + (-2 + -1 - 8) - 29)?
42
What is the value of 45 - (20 - (80 - -21))?
126
What is the value of 76 - (-4 + (8 - 12) + 13 + (-2 - 10))?
83
0 + (1 - 6) - (133 - 114) - (-44 - -49)
-29
What is 4 + -8 + (-2 - -6) + 6 - (-414 + 391)?
29
Evaluate -3 + 1 + 8 + -10 + 37.
33
((-5 - -28) + -3 - (-2 - -2)) + -68 + 61
13
-16 + 0 + 65 + (-79 - -28) + 81
79
Evaluate 63 - (-4 + (42 - -24) + -32).
33
Evaluate -3 - (2 - (5 - 6)) - (-51 - -65).
-20
(25 - 1) + (26 + 48 + -31 - 48)
19
Evaluate 2 + 30 - (-42 - -59) - (0 + 16).
-1
What is the value of (-44 - -3) + (-21 - 0) + (8 - (21 - 28))?
-47
3 + (1 + 9 - (-46 + 54)) + 0 + -19
-14
Calculate -8 + (9 - ((93 - 100) + (1 - -14))) + 36.
29
(54 - 3 - -11) + (16 - -1 - (-59 + 64))
74
What is the value of 30 + 0 + (-45 - -45 - (-6 - 7))?
43
What is -18 + 24 + -21 + (-1 - -13) + -63?
-66
What is -14 + (-11 - -22) - (12 - 0 - 21)?
6
Evaluate 2 - -10 - (7 - (-2 - (-1 - -5))) - -73.
72
(0 - 20 - (-13 - 9)) + (-8 - 51)
-57
3 + (0 + 5 + (-29 - -30) + -12 - 8)
-11
What is (-23 + 36 + 26 - 28) + 101?
112
What is the value of (-41 + 1 - (-20 + 51 + -21)) + -16?
-66
Evaluate 111 + 8 - 21 - (50 + -34).
82
Calculate (39 - -3) + -42 + -98 - 15.
-113
What is 11 - (10 - (28 + 5)) - -22?
56
Evaluate -24 + (-3 + -2 + 8 - (-68 - -59)) + -31.
-43
(1167 + -1154 - (-1 + 2 + 1)) + 35
46
What is the value of -25 + -21 + 1 + 19?
-26
(17 + -8 - 6) + -38
-35
-1 - (14 - ((12 - 7) + -4)) - -10
-4
What is 347 + -332 - (4 - (-3 + 67))?
75
Calculate -9 - (4 + (1 - 3)) - (-123 + 146).
-34
14 - (7 + -34 + 24)
17
What is the value of (32 - 0) + (9 - -1) + -19?
23
What is the value of (0 - -2) + (5 - 6) + -12 - 8?
-19
Evaluate (-75 - -86) + (22 - (4 + -13)).
42
Evaluate -85 - -44 - (-73 - -39).
-7
159 + -205 - (2 + 12 - (6 - 9))
-63
What is 36 + -40 + (3 - 34) + (12 - -3)?
-20
What is (-15 - (0 - 25)) + -6 + -45 + 6?
-35
What is 18 + -4 + 3 - (-609 + 591)?
35
24 - (2 - 9 - -8) - (-34 - -51)
6
Evaluate -39 - -1 - (-5506 - -5532).
-64
What is the value of -18 - -5 - (-349 - -223)?
113
What is -30 + (-30 - (11 - 20 - 40))?
-11
What is the value of -62 - (3 - ((3 - 4 - -8) + 11 + -9))?
-56
What is the value of (0 - 40) + 861 + -838 + 7?
-10
Evaluate 24 + (882 - 865) + 1 + (-12 - -1).
31
Calculate -14 + (-13 - -11) + (-4 - (-79 - -9)) + 4.
54
What is (-1 - -72) + (-1762 - -1718)?
27
Evaluate (2 - (23 - 2 - (-37 + 45))) + -33 + -11.
-55
Calculate -15 + 31 + (-19 - -17) + -1.
13
Evaluate -44 - (-54 - (-7 + -33) - (-1 + -12)).
-43
Evaluate 18 + 1 - (14 - (30 + (15 - 21))).
29
Evaluate 1 + 75 + (-842 - -828).
62
What is 222 - 203 - (4 + 20 + -2) - (1 - -53)?
-57
(-29 - -65) + (71 - 86)
21
Evaluate -82 + (-3 + 18 - (8 + -10 - -26 - 1)).
-90
-21 - ((-2 - (2 + (-15 - 2))) + 662 + -666)
-30
Calculate 1 - (46 - 2) - (47 - (-37 + 92)).
-35
Calculate -23 - (-2 - (0 - 16 - -4)).
-33
Evaluate 45 + (-5 + -114 - -34).
-40
Evaluate 1 + -11 + (-1 - (-20 - 14)) + -5.
18
What is (0 + -2 - -33) + 1456 + -1471 + -59?
-43
What is 75 - ((-2 - -9) + -71 + 13 + 51)?
75
What is -11 - 1 - (17 + -56 + 1 + -118)?
144
Calculate (-14 - (-16 - 22)) + -360 + 334.
-2
25 + (19 - (80 + 73))
-109
What is (-19 - -163) + -37 + 7 + 2?
116
Evaluate (-2 - -5) + -1 + -17 + -13 + -7.
-35
What is -82 - (-143 + 161 - (26 + -4))?
-78
Calculate 77 + -25 - 64 - (-25 + 1 + 1).
11
What is -6 + 5 + -7 + (-34 - 34)?
-76
What is the value of -419 + 417 - (2 - 1 - (-10 + 102))?
89
Evaluate (-26 - 34) + (71 - 23).
-12
80 - (26 - (-26 + 47) - -15)
60
What is -4 - (6 + -1 + -10) - (-3 - 54)?
58
Calculate -473 + 518 + (-7 - 40) - ((-1 - 0) + 1).
-2
Calculate -105 - -181 - 61 - (-81 + 0 + -2).
98
1347 + -1378 + (-2 - -87) + (14 - 0)
68
Calculate 3 - (19 - (37 - (-25 - -29))).
17
7 + 1 + 6 - (32 - 25) - -52
59
What is the value of -60 + (12 + -1 - (13 - (-7 + 2) - 0))?
-67
What is the value of -10 - (-11 + 12 + 11 - 4)?
-18
Evaluate 75 - (234 - 143) - (-142 - 2).
128
Evaluate -3 - -13 - (-16 - -71) - (1 + -1).
-45
Evaluate 0 + -21 + 20 + -2 + (38 - -3 - 0).
38
What is 4140 - 4098 - (-11 + -2)?
55
Evaluate -8 + (27 - (-58 + 35)) - -25.
67
Evaluate 102 + (30 - (79 + (-40 - -38))).
55
37 + -64 + (-67 - -91)
-3
What is (285 - 322) + (23 - -3) + 68 + -1?
56
Evaluate 21 - (-17 + (14 - 36) + 22).
38
What is (16 - (14 + -15 + -7 + 5)) + 12?
31
Calculate -20 + (13 - 8 - (7 + 5)).
-27
(61 - 3) + (819 - 835)
42
What is 3 + -44 + 18 - (104 - 82)?
-45
What is -8 + 46 + -50 + 60?
48
Evaluate -48 + -20 + -9 - -75.
-2
Calculate -26 + -21 + 70 + -20 + 0.
3
Calculate (111 - (191 + 12)) + -2 + -18 + 1.
-111
What is -1111 - -1117 - (123 + 8)?
-125
What is the value of 2 + 0 + (-1 - (-13 - (-15 - (-9 - -21))))?
-13
Evaluate (-157 - -137) + (15 - -1).
-4
Calculate -7 + -33 - -22 - 19.
-37
What is the value of -18 + 88 - (-383 + 405)?
48
Evaluate 44 - (-4 + -3 + 17 - 11) - -13 - -5.
63
Calculate -54 + (72 - 11) + -32.
-25
Evaluate 3 + 12 + (14 - 28) - (-37 - 2).
40
What is the value of -4 + (-2 - -26) + (-11 - -41 - 39)?
11
-3 - (-47 - ((4 - -3 - 23 - -6) + 9))
43
What is the value of (-8 - -13) + -110 - (13 + 11 - 10)?
-119
Evaluate 15 - (-3 + -6 + (-17 - -23 - 1)).
19
What is 13 - (18 + -35 + (2 - -16))?
12
Evaluate 21 + 4 + (31 - 63).
-7
What is 29 + (68 - 179) - -41?
-41
Calculate -10 - (3 - 2) - (-7 - (-21 - (-17 + 10))).
-18
What is -5 + 1 - (49 + (-13 - -4) + -3)?
-41
What is the value of (7 + 132 - 124) + (1 + -2 - 108) + 3?
-91
What is (-6 - 2) + -1 + (-284 - -219) + (-10 - -5)?
-79
-12 + -1 + (111 - ((24 - -53) + -66))
87
Evaluate (-44 - -5) + (1 - -8 - (21 + -25)).
-26
Calculate 36 - (-8 + 1 + (72 - (123 - 50))).
44
Calculate (-2 - -9) + -1 + -460 + 457 - (1 + 0).
2
Calculate -18 - (-5 - (11 - ((15 - 13) + 1))).
-5
6 + (1 - 20 - (-686 - -689))
-16
What is the value of -4451 + 4455 + (-3 - -74 - -1)?
76
What is (-3 - -3) + -12 + (-26 - (-50 - -11))?
1
Evaluate -11 + (18 - 79) + 67 + (0 - -9).
4
What is the value of -19 + -3 - 2 - ((0 - -22) + -14)?
-32
Evaluate 43 + -67 - -8 - -15.
-1
What is the value of (-23 - -43) + -91 + 26?
-45
Evaluate -73 - (66 - 138) - (2 - 2) - (0 - -7).
-8
What is (1 - -1) + 7 + -3 + -21?
-15
Evaluate -3 + (-1 - -14 - ((-35 - -15) + 8)).
22
Evaluate (1955 - 2094) + -9 + 6 + 14.
-128
Calculate 27 + 13 - 100 - -12.
-48
What is (2 + -2 - -6 - 0) + (-95 - (-233 + 88))?
56
Calculate 28 + -31 + 2 + -4 + 3 + 1 - 51.
-52
Calculate -7 + (20 - 3 - -13) + -4.
19
What is (27 - 2) + (-199 - -186) + -76?
-64
14 - (-1 - -10 - (629 - 686))
-52
Evaluate -28 + 17 + (-13 - -7) - -44.
27
Calculate 1 + 0 + -6 + 0 - (134521 + -